{"id":14,"date":"2021-07-16T22:25:12","date_gmt":"2021-07-16T22:25:12","guid":{"rendered":"http:\/\/argozoo.lv\/?page_id=14"},"modified":"2025-08-18T09:35:20","modified_gmt":"2025-08-18T09:35:20","slug":"elementor-14","status":"publish","type":"page","link":"http:\/\/argozoo.lv\/","title":{"rendered":"Elementor #14"},"content":{"rendered":"\t\t<div data-elementor-type=\"wp-page\" data-elementor-id=\"14\" class=\"elementor elementor-14\" data-elementor-settings=\"[]\">\n\t\t\t\t\t\t\t<div class=\"elementor-section-wrap\">\n\t\t\t\t\t\t\t<section class=\"elementor-section elementor-top-section elementor-element elementor-element-3098e76 elementor-section-full_width elementor-section-height-default elementor-section-height-default\" data-id=\"3098e76\" data-element_type=\"section\">\n\t\t\t\t\t\t<div class=\"elementor-container elementor-column-gap-default\">\n\t\t\t\t\t<div class=\"elementor-column elementor-col-100 elementor-top-column elementor-element elementor-element-c1556e9\" data-id=\"c1556e9\" data-element_type=\"column\">\n\t\t\t<div class=\"elementor-widget-wrap elementor-element-populated\">\n\t\t\t\t\t\t\t\t<div class=\"elementor-element elementor-element-090b3bf elementor--h-position-center elementor--v-position-middle elementor-arrows-position-inside elementor-pagination-position-inside elementor-widget elementor-widget-slides\" data-id=\"090b3bf\" data-element_type=\"widget\" data-settings=\"{&quot;navigation&quot;:&quot;both&quot;,&quot;infinite&quot;:&quot;yes&quot;,&quot;transition&quot;:&quot;slide&quot;,&quot;transition_speed&quot;:500}\" data-widget_type=\"slides.default\">\n\t\t\t\t<div class=\"elementor-widget-container\">\n\t\t\t\t\t<div class=\"elementor-swiper\">\n\t\t\t<div class=\"elementor-slides-wrapper elementor-main-swiper swiper-container\" dir=\"ltr\" data-animation=\"fadeInUp\">\n\t\t\t\t<div class=\"swiper-wrapper elementor-slides\">\n\t\t\t\t\t<div class=\"elementor-repeater-item-10d545b swiper-slide\"><div class=\"swiper-slide-bg\"><\/div><div class=\"elementor-background-overlay\"><\/div><a class=\"swiper-slide-inner\" href=\"https:\/\/argozoo.lv\/?page_id=76\"><div class=\"swiper-slide-contents\"><div class=\"elementor-slide-heading\">Argozoo e-veikals<\/div><div class=\"elementor-slide-description\">M\u0113s priec\u0101jamies, ka ien\u0101cat pie mums!<\/div><div  class=\"elementor-button elementor-slide-button elementor-size-sm\">Uz veikalu!<\/div><\/div><\/a><\/div><div class=\"elementor-repeater-item-75330ed swiper-slide\"><div class=\"swiper-slide-bg\"><\/div><div class=\"elementor-background-overlay\"><\/div><a class=\"swiper-slide-inner\" href=\"https:\/\/argozoo.lv\/?page_id=19\"><div class=\"swiper-slide-contents\"><div class=\"elementor-slide-heading\">Atrodamies Carnikav\u0101, Kalmju iel\u0101 2<\/div><div class=\"elementor-slide-description\">Pas\u016bt\u012bt preces var ierodoties kl\u0101tien\u0113 vai pas\u016bt\u012bt att\u0101lin\u0101ti<\/div><div  class=\"elementor-button elementor-slide-button elementor-size-sm\">Vair\u0101k inform\u0101cijas<\/div><\/div><\/a><\/div><div class=\"elementor-repeater-item-dcf6f17 swiper-slide\"><div class=\"swiper-slide-bg\"><\/div><div class=\"elementor-background-overlay\"><\/div><a class=\"swiper-slide-inner\" href=\"https:\/\/argozoo.lv\/?page_id=17\"><div class=\"swiper-slide-contents\"><div class=\"elementor-slide-heading\">R\u016bp\u0113simies par J\u016bsu dz\u012bvnieku kop\u0101!<\/div><div class=\"elementor-slide-description\">Gribi uzzin\u0101t vair\u0101k par mums?<\/div><div  class=\"elementor-button elementor-slide-button elementor-size-sm\">Spied \u0161eit!<\/div><\/div><\/a><\/div>\t\t\t\t<\/div>\n\t\t\t\t\t\t\t\t\t\t\t\t\t\t\t<div class=\"swiper-pagination\"><\/div>\n\t\t\t\t\t\t\t\t\t\t\t\t\t\t\t\t<div class=\"elementor-swiper-button elementor-swiper-button-prev\">\n\t\t\t\t\t\t\t<i class=\"eicon-chevron-left\" aria-hidden=\"true\"><\/i>\n\t\t\t\t\t\t\t<span class=\"elementor-screen-only\">Previous<\/span>\n\t\t\t\t\t\t<\/div>\n\t\t\t\t\t\t<div class=\"elementor-swiper-button elementor-swiper-button-next\">\n\t\t\t\t\t\t\t<i class=\"eicon-chevron-right\" aria-hidden=\"true\"><\/i>\n\t\t\t\t\t\t\t<span class=\"elementor-screen-only\">Next<\/span>\n\t\t\t\t\t\t<\/div>\n\t\t\t\t\t\t\t\t\t\t\t\t<\/div>\n\t\t<\/div>\n\t\t\t\t<\/div>\n\t\t\t\t<\/div>\n\t\t\t\t\t<\/div>\n\t\t<\/div>\n\t\t\t\t\t\t\t<\/div>\n\t\t<\/section>\n\t\t\t\t<section class=\"elementor-section elementor-top-section elementor-element elementor-element-fa30168 elementor-section-boxed elementor-section-height-default elementor-section-height-default\" data-id=\"fa30168\" data-element_type=\"section\">\n\t\t\t\t\t\t<div class=\"elementor-container elementor-column-gap-default\">\n\t\t\t\t\t<div class=\"elementor-column elementor-col-100 elementor-top-column elementor-element elementor-element-f693002\" data-id=\"f693002\" data-element_type=\"column\">\n\t\t\t<div class=\"elementor-widget-wrap elementor-element-populated\">\n\t\t\t\t\t\t\t\t<div class=\"elementor-element elementor-element-36a2371 elementor-widget-divider--view-line elementor-widget elementor-widget-divider\" data-id=\"36a2371\" data-element_type=\"widget\" data-widget_type=\"divider.default\">\n\t\t\t\t<div class=\"elementor-widget-container\">\n\t\t\t\t\t<div class=\"elementor-divider\">\n\t\t\t<span class=\"elementor-divider-separator\">\n\t\t\t\t\t\t<\/span>\n\t\t<\/div>\n\t\t\t\t<\/div>\n\t\t\t\t<\/div>\n\t\t\t\t\t<\/div>\n\t\t<\/div>\n\t\t\t\t\t\t\t<\/div>\n\t\t<\/section>\n\t\t\t\t<section class=\"elementor-section elementor-top-section elementor-element elementor-element-1e73dd9 elementor-section-content-middle elementor-section-stretched elementor-section-boxed elementor-section-height-default elementor-section-height-default\" data-id=\"1e73dd9\" data-element_type=\"section\" data-settings=\"{&quot;stretch_section&quot;:&quot;section-stretched&quot;}\">\n\t\t\t\t\t\t<div class=\"elementor-container elementor-column-gap-extended\">\n\t\t\t\t\t<div class=\"elementor-column elementor-col-100 elementor-top-column elementor-element elementor-element-b1df2bb\" data-id=\"b1df2bb\" data-element_type=\"column\">\n\t\t\t<div class=\"elementor-widget-wrap elementor-element-populated\">\n\t\t\t\t\t\t\t\t<div class=\"elementor-element elementor-element-95fde87 elementor-grid-3 elementor-grid-mobile-2 elementor-product-loop-item--align-center elementor-widget__width-inherit elementor-product-loop-item--align-center elementor-grid-tablet-3 elementor-products-grid elementor-wc-products elementor-widget elementor-widget-woocommerce-products\" data-id=\"95fde87\" data-element_type=\"widget\" data-settings=\"{&quot;motion_fx_motion_fx_mouse&quot;:&quot;yes&quot;,&quot;_animation&quot;:&quot;none&quot;}\" data-widget_type=\"woocommerce-products.default\">\n\t\t\t\t<div class=\"elementor-widget-container\">\n\t\t\t<div class=\"woocommerce columns-3 \"><ul class=\"products elementor-grid columns-3\">\n<li class=\"product type-product post-1297 status-publish first instock product_cat-gala product_cat-liellops has-post-thumbnail shipping-taxable purchasable product-type-simple\">\n\t<a href=\"http:\/\/argozoo.lv\/?product=liellopa-kungis-2\" class=\"woocommerce-LoopProduct-link woocommerce-loop-product__link\"><img loading=\"lazy\" decoding=\"async\" width=\"300\" height=\"300\" src=\"http:\/\/argozoo.lv\/wp-content\/uploads\/2023\/08\/liellopa-kungis-kubos-300x300.jpg\" class=\"attachment-woocommerce_thumbnail size-woocommerce_thumbnail\" alt=\"\" srcset=\"http:\/\/argozoo.lv\/wp-content\/uploads\/2023\/08\/liellopa-kungis-kubos-300x300.jpg 300w, http:\/\/argozoo.lv\/wp-content\/uploads\/2023\/08\/liellopa-kungis-kubos-150x150.jpg 150w, http:\/\/argozoo.lv\/wp-content\/uploads\/2023\/08\/liellopa-kungis-kubos-100x100.jpg 100w\" sizes=\"auto, (max-width: 300px) 100vw, 300px\" \/><h2 class=\"woocommerce-loop-product__title\">Liellopa ku\u0146\u0123is (kubos)<\/h2><div class=\"star-rating\"><span style=\"width:0%\">Rated <strong class=\"rating\">0<\/strong> out of 5<\/span><\/div>\n\t<span class=\"price\"><span class=\"woocommerce-Price-amount amount\"><bdi><span class=\"woocommerce-Price-currencySymbol\">&euro;<\/span>1.95<\/bdi><\/span><\/span>\n<\/a><a href=\"?add-to-cart=1297\" data-quantity=\"1\" class=\"button product_type_simple add_to_cart_button ajax_add_to_cart\" data-product_id=\"1297\" data-product_sku=\"\" aria-label=\"Add &ldquo;Liellopa ku\u0146\u0123is (kubos)&rdquo; to your cart\" rel=\"nofollow\">Ielikt groz\u0101!<\/a><\/li>\n<li class=\"product type-product post-1196 status-publish outofstock product_cat-gala has-post-thumbnail shipping-taxable purchasable product-type-simple\">\n\t<a href=\"http:\/\/argozoo.lv\/?product=tela-gala-ar-subproduktiem\" class=\"woocommerce-LoopProduct-link woocommerce-loop-product__link\"><img loading=\"lazy\" decoding=\"async\" width=\"300\" height=\"300\" src=\"http:\/\/argozoo.lv\/wp-content\/uploads\/2023\/06\/tela-ripas-300x300.jpg\" class=\"attachment-woocommerce_thumbnail size-woocommerce_thumbnail\" alt=\"\" srcset=\"http:\/\/argozoo.lv\/wp-content\/uploads\/2023\/06\/tela-ripas-300x300.jpg 300w, http:\/\/argozoo.lv\/wp-content\/uploads\/2023\/06\/tela-ripas-150x150.jpg 150w, http:\/\/argozoo.lv\/wp-content\/uploads\/2023\/06\/tela-ripas-100x100.jpg 100w\" sizes=\"auto, (max-width: 300px) 100vw, 300px\" \/><h2 class=\"woocommerce-loop-product__title\">Te\u013ca ga\u013ca ar subproduktiem<\/h2><div class=\"star-rating\"><span style=\"width:0%\">Rated <strong class=\"rating\">0<\/strong> out of 5<\/span><\/div>\n\t<span class=\"price\"><span class=\"woocommerce-Price-amount amount\"><bdi><span class=\"woocommerce-Price-currencySymbol\">&euro;<\/span>5.95<\/bdi><\/span><\/span>\n<\/a><a href=\"http:\/\/argozoo.lv\/?product=tela-gala-ar-subproduktiem\" data-quantity=\"1\" class=\"button product_type_simple\" data-product_id=\"1196\" data-product_sku=\"\" aria-label=\"Read more about &ldquo;Te\u013ca ga\u013ca ar subproduktiem&rdquo;\" rel=\"nofollow\">Ielikt groz\u0101!<\/a><\/li>\n<li class=\"product type-product post-1194 status-publish last outofstock product_cat-gala has-post-thumbnail shipping-taxable purchasable product-type-simple\">\n\t<a href=\"http:\/\/argozoo.lv\/?product=jers-ar-subproduktiem\" class=\"woocommerce-LoopProduct-link woocommerce-loop-product__link\"><img loading=\"lazy\" decoding=\"async\" width=\"300\" height=\"300\" src=\"http:\/\/argozoo.lv\/wp-content\/uploads\/2023\/06\/jera-ripas-300x300.jpg\" class=\"attachment-woocommerce_thumbnail size-woocommerce_thumbnail\" alt=\"\" srcset=\"http:\/\/argozoo.lv\/wp-content\/uploads\/2023\/06\/jera-ripas-300x300.jpg 300w, http:\/\/argozoo.lv\/wp-content\/uploads\/2023\/06\/jera-ripas-150x150.jpg 150w, http:\/\/argozoo.lv\/wp-content\/uploads\/2023\/06\/jera-ripas-100x100.jpg 100w\" sizes=\"auto, (max-width: 300px) 100vw, 300px\" \/><h2 class=\"woocommerce-loop-product__title\">J\u0113rs ar subproduktiem<\/h2><div class=\"star-rating\"><span style=\"width:0%\">Rated <strong class=\"rating\">0<\/strong> out of 5<\/span><\/div>\n\t<span class=\"price\"><span class=\"woocommerce-Price-amount amount\"><bdi><span class=\"woocommerce-Price-currencySymbol\">&euro;<\/span>5.95<\/bdi><\/span><\/span>\n<\/a><a href=\"http:\/\/argozoo.lv\/?product=jers-ar-subproduktiem\" data-quantity=\"1\" class=\"button product_type_simple\" data-product_id=\"1194\" data-product_sku=\"\" aria-label=\"Read more about &ldquo;J\u0113rs ar subproduktiem&rdquo;\" rel=\"nofollow\">Ielikt groz\u0101!<\/a><\/li>\n<\/ul>\n<\/div>\t\t<\/div>\n\t\t\t\t<\/div>\n\t\t\t\t\t<\/div>\n\t\t<\/div>\n\t\t\t\t\t\t\t<\/div>\n\t\t<\/section>\n\t\t\t\t<section class=\"elementor-section elementor-top-section elementor-element elementor-element-f9d7df4 elementor-section-boxed elementor-section-height-default elementor-section-height-default\" data-id=\"f9d7df4\" data-element_type=\"section\">\n\t\t\t\t\t\t<div class=\"elementor-container elementor-column-gap-default\">\n\t\t\t\t\t<div class=\"elementor-column elementor-col-100 elementor-top-column elementor-element elementor-element-3c6346d\" data-id=\"3c6346d\" data-element_type=\"column\">\n\t\t\t<div class=\"elementor-widget-wrap elementor-element-populated\">\n\t\t\t\t\t\t\t\t<div class=\"elementor-element elementor-element-2e9c7f7 elementor-widget-divider--view-line elementor-widget elementor-widget-divider\" data-id=\"2e9c7f7\" data-element_type=\"widget\" data-widget_type=\"divider.default\">\n\t\t\t\t<div class=\"elementor-widget-container\">\n\t\t\t\t\t<div class=\"elementor-divider\">\n\t\t\t<span class=\"elementor-divider-separator\">\n\t\t\t\t\t\t<\/span>\n\t\t<\/div>\n\t\t\t\t<\/div>\n\t\t\t\t<\/div>\n\t\t\t\t\t<\/div>\n\t\t<\/div>\n\t\t\t\t\t\t\t<\/div>\n\t\t<\/section>\n\t\t\t\t<section class=\"elementor-section elementor-top-section elementor-element elementor-element-0f50205 elementor-section-boxed elementor-section-height-default elementor-section-height-default\" data-id=\"0f50205\" data-element_type=\"section\">\n\t\t\t\t\t\t<div class=\"elementor-container elementor-column-gap-default\">\n\t\t\t\t\t<div class=\"elementor-column elementor-col-100 elementor-top-column elementor-element elementor-element-116f080\" data-id=\"116f080\" data-element_type=\"column\">\n\t\t\t<div class=\"elementor-widget-wrap elementor-element-populated\">\n\t\t\t\t\t\t\t\t<div class=\"elementor-element elementor-element-841fe3c elementor-grid-3 elementor-product-loop-item--align-center elementor-grid-mobile-2 elementor-grid-tablet-3 elementor-products-grid elementor-wc-products elementor-widget elementor-widget-woocommerce-products\" data-id=\"841fe3c\" data-element_type=\"widget\" data-widget_type=\"woocommerce-products.default\">\n\t\t\t\t<div class=\"elementor-widget-container\">\n\t\t\t<div class=\"woocommerce columns-3 \"><ul class=\"products elementor-grid columns-3\">\n<li class=\"product type-product post-184 status-publish first instock product_cat-rotallietas has-post-thumbnail shipping-taxable purchasable product-type-simple\">\n\t<a href=\"http:\/\/argozoo.lv\/?product=boxing-rotallieta\" class=\"woocommerce-LoopProduct-link woocommerce-loop-product__link\"><img loading=\"lazy\" decoding=\"async\" width=\"300\" height=\"300\" src=\"http:\/\/argozoo.lv\/wp-content\/uploads\/2021\/08\/boxing-pear-300x300.jpg\" class=\"attachment-woocommerce_thumbnail size-woocommerce_thumbnail\" alt=\"Boxing rota\u013clieta\" srcset=\"http:\/\/argozoo.lv\/wp-content\/uploads\/2021\/08\/boxing-pear-300x300.jpg 300w, http:\/\/argozoo.lv\/wp-content\/uploads\/2021\/08\/boxing-pear-150x150.jpg 150w, http:\/\/argozoo.lv\/wp-content\/uploads\/2021\/08\/boxing-pear-768x768.jpg 768w, http:\/\/argozoo.lv\/wp-content\/uploads\/2021\/08\/boxing-pear-600x600.jpg 600w, http:\/\/argozoo.lv\/wp-content\/uploads\/2021\/08\/boxing-pear-100x100.jpg 100w, http:\/\/argozoo.lv\/wp-content\/uploads\/2021\/08\/boxing-pear.jpg 950w\" sizes=\"auto, (max-width: 300px) 100vw, 300px\" \/><h2 class=\"woocommerce-loop-product__title\">Boxing rota\u013clieta<\/h2><div class=\"star-rating\"><span style=\"width:0%\">Rated <strong class=\"rating\">0<\/strong> out of 5<\/span><\/div>\n\t<span class=\"price\"><span class=\"woocommerce-Price-amount amount\"><bdi><span class=\"woocommerce-Price-currencySymbol\">&euro;<\/span>6.85<\/bdi><\/span><\/span>\n<\/a><a href=\"?add-to-cart=184\" data-quantity=\"1\" class=\"button product_type_simple add_to_cart_button ajax_add_to_cart\" data-product_id=\"184\" data-product_sku=\"\" aria-label=\"Add &ldquo;Boxing rota\u013clieta&rdquo; to your cart\" rel=\"nofollow\">Ielikt groz\u0101!<\/a><\/li>\n<li class=\"product type-product post-192 status-publish instock product_cat-bumbas product_cat-rotallietas has-post-thumbnail shipping-taxable purchasable product-type-simple\">\n\t<a href=\"http:\/\/argozoo.lv\/?product=bulb-m-sarkana-krasa\" class=\"woocommerce-LoopProduct-link woocommerce-loop-product__link\"><img loading=\"lazy\" decoding=\"async\" width=\"300\" height=\"300\" src=\"http:\/\/argozoo.lv\/wp-content\/uploads\/2021\/08\/bulb-m-red-300x300.jpg\" class=\"attachment-woocommerce_thumbnail size-woocommerce_thumbnail\" alt=\"Bulb M sarkan\u0101 kr\u0101s\u0101\" srcset=\"http:\/\/argozoo.lv\/wp-content\/uploads\/2021\/08\/bulb-m-red-300x300.jpg 300w, http:\/\/argozoo.lv\/wp-content\/uploads\/2021\/08\/bulb-m-red-150x150.jpg 150w, http:\/\/argozoo.lv\/wp-content\/uploads\/2021\/08\/bulb-m-red-768x768.jpg 768w, http:\/\/argozoo.lv\/wp-content\/uploads\/2021\/08\/bulb-m-red-600x600.jpg 600w, http:\/\/argozoo.lv\/wp-content\/uploads\/2021\/08\/bulb-m-red-100x100.jpg 100w, http:\/\/argozoo.lv\/wp-content\/uploads\/2021\/08\/bulb-m-red.jpg 1000w\" sizes=\"auto, (max-width: 300px) 100vw, 300px\" \/><h2 class=\"woocommerce-loop-product__title\">Bulb M sarkan\u0101 kr\u0101s\u0101<\/h2><div class=\"star-rating\"><span style=\"width:0%\">Rated <strong class=\"rating\">0<\/strong> out of 5<\/span><\/div>\n\t<span class=\"price\"><span class=\"woocommerce-Price-amount amount\"><bdi><span class=\"woocommerce-Price-currencySymbol\">&euro;<\/span>9.85<\/bdi><\/span><\/span>\n<\/a><a href=\"?add-to-cart=192\" data-quantity=\"1\" class=\"button product_type_simple add_to_cart_button ajax_add_to_cart\" data-product_id=\"192\" data-product_sku=\"\" aria-label=\"Add &ldquo;Bulb M sarkan\u0101 kr\u0101s\u0101&rdquo; to your cart\" rel=\"nofollow\">Ielikt groz\u0101!<\/a><\/li>\n<li class=\"product type-product post-194 status-publish last instock product_cat-bumbas product_cat-rotallietas has-post-thumbnail shipping-taxable purchasable product-type-simple\">\n\t<a href=\"http:\/\/argozoo.lv\/?product=bulb-s-zila-krasa\" class=\"woocommerce-LoopProduct-link woocommerce-loop-product__link\"><img loading=\"lazy\" decoding=\"async\" width=\"300\" height=\"300\" src=\"http:\/\/argozoo.lv\/wp-content\/uploads\/2021\/08\/bulb-s-blue-300x300.jpg\" class=\"attachment-woocommerce_thumbnail size-woocommerce_thumbnail\" alt=\"Bulb S zil\u0101 kr\u0101s\u0101\" srcset=\"http:\/\/argozoo.lv\/wp-content\/uploads\/2021\/08\/bulb-s-blue-300x300.jpg 300w, http:\/\/argozoo.lv\/wp-content\/uploads\/2021\/08\/bulb-s-blue-150x150.jpg 150w, http:\/\/argozoo.lv\/wp-content\/uploads\/2021\/08\/bulb-s-blue-768x768.jpg 768w, http:\/\/argozoo.lv\/wp-content\/uploads\/2021\/08\/bulb-s-blue-600x600.jpg 600w, http:\/\/argozoo.lv\/wp-content\/uploads\/2021\/08\/bulb-s-blue-100x100.jpg 100w, http:\/\/argozoo.lv\/wp-content\/uploads\/2021\/08\/bulb-s-blue.jpg 1000w\" sizes=\"auto, (max-width: 300px) 100vw, 300px\" \/><h2 class=\"woocommerce-loop-product__title\">Bulb S zil\u0101 kr\u0101s\u0101<\/h2><div class=\"star-rating\"><span style=\"width:0%\">Rated <strong class=\"rating\">0<\/strong> out of 5<\/span><\/div>\n\t<span class=\"price\"><span class=\"woocommerce-Price-amount amount\"><bdi><span class=\"woocommerce-Price-currencySymbol\">&euro;<\/span>7.25<\/bdi><\/span><\/span>\n<\/a><a href=\"?add-to-cart=194\" data-quantity=\"1\" class=\"button product_type_simple add_to_cart_button ajax_add_to_cart\" data-product_id=\"194\" data-product_sku=\"\" aria-label=\"Add &ldquo;Bulb S zil\u0101 kr\u0101s\u0101&rdquo; to your cart\" rel=\"nofollow\">Ielikt groz\u0101!<\/a><\/li>\n<\/ul>\n<\/div>\t\t<\/div>\n\t\t\t\t<\/div>\n\t\t\t\t<div class=\"elementor-element elementor-element-105cd5f elementor-widget elementor-widget-spacer\" data-id=\"105cd5f\" data-element_type=\"widget\" data-widget_type=\"spacer.default\">\n\t\t\t\t<div class=\"elementor-widget-container\">\n\t\t\t\t\t<div class=\"elementor-spacer\">\n\t\t\t<div class=\"elementor-spacer-inner\"><\/div>\n\t\t<\/div>\n\t\t\t\t<\/div>\n\t\t\t\t<\/div>\n\t\t\t\t<div class=\"elementor-element elementor-element-cd154d2 elementor-widget elementor-widget-spacer\" data-id=\"cd154d2\" data-element_type=\"widget\" data-widget_type=\"spacer.default\">\n\t\t\t\t<div class=\"elementor-widget-container\">\n\t\t\t\t\t<div class=\"elementor-spacer\">\n\t\t\t<div class=\"elementor-spacer-inner\"><\/div>\n\t\t<\/div>\n\t\t\t\t<\/div>\n\t\t\t\t<\/div>\n\t\t\t\t<div class=\"elementor-element elementor-element-4023b0b elementor-widget-divider--view-line elementor-widget elementor-widget-divider\" data-id=\"4023b0b\" data-element_type=\"widget\" data-widget_type=\"divider.default\">\n\t\t\t\t<div class=\"elementor-widget-container\">\n\t\t\t\t\t<div class=\"elementor-divider\">\n\t\t\t<span class=\"elementor-divider-separator\">\n\t\t\t\t\t\t<\/span>\n\t\t<\/div>\n\t\t\t\t<\/div>\n\t\t\t\t<\/div>\n\t\t\t\t\t<\/div>\n\t\t<\/div>\n\t\t\t\t\t\t\t<\/div>\n\t\t<\/section>\n\t\t\t\t\t\t<\/div>\n\t\t\t\t\t<\/div>\n\t\t","protected":false},"excerpt":{"rendered":"<p>Argozoo e-veikalsM\u0113s priec\u0101jamies, ka ien\u0101cat pie mums!Uz veikalu!Atrodamies Carnikav\u0101, Kalmju iel\u0101 2Pas\u016bt\u012bt preces var ierodoties kl\u0101tien\u0113 vai pas\u016bt\u012bt att\u0101lin\u0101tiVair\u0101k inform\u0101cijasR\u016bp\u0113simies par J\u016bsu dz\u012bvnieku kop\u0101!Gribi uzzin\u0101t vair\u0101k par mums?Spied \u0161eit! Previous Next<\/p>\n","protected":false},"author":1,"featured_media":0,"parent":0,"menu_order":0,"comment_status":"closed","ping_status":"closed","template":"","meta":{"footnotes":""},"class_list":["post-14","page","type-page","status-publish","hentry"],"_links":{"self":[{"href":"http:\/\/argozoo.lv\/index.php?rest_route=\/wp\/v2\/pages\/14","targetHints":{"allow":["GET"]}}],"collection":[{"href":"http:\/\/argozoo.lv\/index.php?rest_route=\/wp\/v2\/pages"}],"about":[{"href":"http:\/\/argozoo.lv\/index.php?rest_route=\/wp\/v2\/types\/page"}],"author":[{"embeddable":true,"href":"http:\/\/argozoo.lv\/index.php?rest_route=\/wp\/v2\/users\/1"}],"replies":[{"embeddable":true,"href":"http:\/\/argozoo.lv\/index.php?rest_route=%2Fwp%2Fv2%2Fcomments&post=14"}],"version-history":[{"count":89,"href":"http:\/\/argozoo.lv\/index.php?rest_route=\/wp\/v2\/pages\/14\/revisions"}],"predecessor-version":[{"id":2017,"href":"http:\/\/argozoo.lv\/index.php?rest_route=\/wp\/v2\/pages\/14\/revisions\/2017"}],"wp:attachment":[{"href":"http:\/\/argozoo.lv\/index.php?rest_route=%2Fwp%2Fv2%2Fmedia&parent=14"}],"curies":[{"name":"wp","href":"https:\/\/api.w.org\/{rel}","templated":true}]}}