{"id":39,"date":"2021-07-17T14:34:16","date_gmt":"2021-07-17T14:34:16","guid":{"rendered":"http:\/\/argozoo.lv\/?page_id=39"},"modified":"2025-08-18T08:59:04","modified_gmt":"2025-08-18T08:59:04","slug":"kontakti","status":"publish","type":"page","link":"http:\/\/argozoo.lv\/?page_id=39","title":{"rendered":"Kontakti"},"content":{"rendered":"<h2>M\u016bsu veikals atrod\u0101s \u0161eit:<br \/>Kalmju iela 2, Carnikava, Carnikavas novads, LV-2163, Latvija<\/h2>\n<p>\t\t\t\t\t\t\t\t\t\t\t\t\t\t\t<img decoding=\"async\" width=\"768\" height=\"512\" src=\"http:\/\/argozoo.lv\/wp-content\/uploads\/2021\/08\/IMG_8182-1-768x512.jpg\" alt=\"veikala foto\" loading=\"lazy\" \/><br \/>\n\t\t\t<iframe frameborder=\"0\" scrolling=\"no\" marginheight=\"0\" marginwidth=\"0\"\n\t\t\t\t\tsrc=\"https:\/\/maps.google.com\/maps?q=Kalmju%20iela%202%2C%20Carnikava&#038;t=m&#038;z=11&#038;output=embed&#038;iwloc=near\"\n\t\t\t\t\ttitle=\"Kalmju iela 2, Carnikava\"\n\t\t\t\t\taria-label=\"Kalmju iela 2, Carnikava\"\n\t\t\t><\/iframe><br \/>\n\t\t<div class=\"wpforms-container wpforms-container-full\" id=\"wpforms-295\"><form id=\"wpforms-form-295\" class=\"wpforms-validate wpforms-form wpforms-ajax-form\" data-formid=\"295\" method=\"post\" enctype=\"multipart\/form-data\" action=\"\/index.php?rest_route=%2Fwp%2Fv2%2Fpages%2F39\" data-token=\"10b94d51d7ad577c8a864f2b0fff0d4f\"><div class=\"wpforms-head-container\"><div class=\"wpforms-title\">Sazinies!<\/div><\/div><noscript class=\"wpforms-error-noscript\">Please enable JavaScript in your browser to complete this form.<\/noscript><div class=\"wpforms-field-container\"><div id=\"wpforms-295-field_0-container\" class=\"wpforms-field wpforms-field-name\" data-field-id=\"0\"><label class=\"wpforms-field-label\" for=\"wpforms-295-field_0\">V\u0101rds, uzv\u0101rds <span class=\"wpforms-required-label\">*<\/span><\/label><input type=\"text\" id=\"wpforms-295-field_0\" class=\"wpforms-field-medium wpforms-field-required\" name=\"wpforms[fields][0]\" required><\/div><div id=\"wpforms-295-field_5-container\" class=\"wpforms-field wpforms-field-text\" data-field-id=\"5\"><label class=\"wpforms-field-label\" for=\"wpforms-295-field_5\">E-pasta adrese vai kontaktt\u0101lrunis <span class=\"wpforms-required-label\">*<\/span><\/label><input type=\"text\" id=\"wpforms-295-field_5\" class=\"wpforms-field-medium wpforms-field-required\" name=\"wpforms[fields][5]\" required><\/div><div id=\"wpforms-295-field_2-container\" class=\"wpforms-field wpforms-field-textarea\" data-field-id=\"2\"><label class=\"wpforms-field-label\" for=\"wpforms-295-field_2\">J\u016bsu zi\u0146ojums <span class=\"wpforms-required-label\">*<\/span><\/label><textarea id=\"wpforms-295-field_2\" class=\"wpforms-field-medium wpforms-field-required\" name=\"wpforms[fields][2]\" required><\/textarea><\/div><div id=\"wpforms-295-field_3-container\" class=\"wpforms-field wpforms-field-checkbox\" data-field-id=\"3\"><label class=\"wpforms-field-label\" for=\"wpforms-295-field_3\">Priv\u0101tuma politika <span class=\"wpforms-required-label\">*<\/span><\/label><ul id=\"wpforms-295-field_3\" class=\"wpforms-field-required\"><li class=\"choice-1 depth-1 wpforms-selected\"><input type=\"checkbox\" id=\"wpforms-295-field_3_1\" name=\"wpforms[fields][3][]\" value=\"Esmu izlas\u012bjis un piekr\u012btu priv\u0101tuma politikai\" required  checked='checked'><label class=\"wpforms-field-label-inline\" for=\"wpforms-295-field_3_1\">Esmu izlas\u012bjis un piekr\u012btu priv\u0101tuma politikai<\/label><\/li><\/ul><div class=\"wpforms-field-description\">Ar \u0161o piekr\u012btat, ka izlas\u012bjat un esat iepazinu\u0161ies ar m\u016bsu datu glab\u0101\u0161anas noteikumiem<\/div><\/div><\/div><div class=\"wpforms-submit-container\" ><input type=\"hidden\" name=\"wpforms[id]\" value=\"295\"><input type=\"hidden\" name=\"wpforms[author]\" value=\"1\"><button type=\"submit\" name=\"wpforms[submit]\" class=\"wpforms-submit \" id=\"wpforms-submit-295\" value=\"wpforms-submit\" aria-live=\"assertive\" data-alt-text=\"S\u016bta zi\u0146ojumu...\" data-submit-text=\"Nos\u016bt\u012bt\">Nos\u016bt\u012bt<\/button><img loading=\"lazy\" decoding=\"async\" src=\"http:\/\/argozoo.lv\/wp-content\/plugins\/wpforms-lite\/assets\/images\/submit-spin.svg\" class=\"wpforms-submit-spinner\" style=\"display: none;\" width=\"26\" height=\"26\" alt=\"\"><\/div><\/form><\/div>  <!-- .wpforms-container -->\t\t<\/p>\n<h2>Rekviz\u012bti:<br \/>SIA &#8220;Sofira&#8221;<br \/>Re\u0123. nr.: 50003951051<br \/>Juridisk\u0101 adrese: \u0100da\u017eu nov., Carnikavas pag., Carnikava, Graudu iela 30-1, LV-2163<br \/>Swedbank, kods: HABALV22<br \/>Konts: LV65HABA0551017918045<\/h2>\n","protected":false},"excerpt":{"rendered":"<p>M\u016bsu veikals atrod\u0101s \u0161eit:Kalmju iela 2, Carnikava, Carnikavas novads, LV-2163, Latvija Rekviz\u012bti:SIA &#8220;Sofira&#8221;Re\u0123. nr.: 50003951051Juridisk\u0101 adrese: \u0100da\u017eu nov., Carnikavas pag., Carnikava, Graudu iela 30-1, LV-2163Swedbank, kods: HABALV22Konts: LV65HABA0551017918045<\/p>\n","protected":false},"author":1,"featured_media":0,"parent":0,"menu_order":0,"comment_status":"closed","ping_status":"closed","template":"","meta":{"footnotes":""},"class_list":["post-39","page","type-page","status-publish","hentry"],"_links":{"self":[{"href":"http:\/\/argozoo.lv\/index.php?rest_route=\/wp\/v2\/pages\/39","targetHints":{"allow":["GET"]}}],"collection":[{"href":"http:\/\/argozoo.lv\/index.php?rest_route=\/wp\/v2\/pages"}],"about":[{"href":"http:\/\/argozoo.lv\/index.php?rest_route=\/wp\/v2\/types\/page"}],"author":[{"embeddable":true,"href":"http:\/\/argozoo.lv\/index.php?rest_route=\/wp\/v2\/users\/1"}],"replies":[{"embeddable":true,"href":"http:\/\/argozoo.lv\/index.php?rest_route=%2Fwp%2Fv2%2Fcomments&post=39"}],"version-history":[{"count":32,"href":"http:\/\/argozoo.lv\/index.php?rest_route=\/wp\/v2\/pages\/39\/revisions"}],"predecessor-version":[{"id":1959,"href":"http:\/\/argozoo.lv\/index.php?rest_route=\/wp\/v2\/pages\/39\/revisions\/1959"}],"wp:attachment":[{"href":"http:\/\/argozoo.lv\/index.php?rest_route=%2Fwp%2Fv2%2Fmedia&parent=39"}],"curies":[{"name":"wp","href":"https:\/\/api.w.org\/{rel}","templated":true}]}}