{"id":1196,"date":"2023-06-02T11:21:08","date_gmt":"2023-06-02T11:21:08","guid":{"rendered":"https:\/\/argozoo.lv\/?post_type=product&#038;p=1196"},"modified":"2026-04-28T15:59:12","modified_gmt":"2026-04-28T15:59:12","slug":"tela-gala-ar-subproduktiem","status":"publish","type":"product","link":"http:\/\/argozoo.lv\/?product=tela-gala-ar-subproduktiem","title":{"rendered":"Te\u013ca ga\u013ca ar subproduktiem"},"content":{"rendered":"","protected":false},"excerpt":{"rendered":"<p>cena nor\u0101d\u012bta par 1 kg<\/p>\n<p>Bar\u012bbas sastavda\u013cas &#8211; te\u013ca ga\u013ca atgriezumi 70%, te\u013ca trahejas 10 %, te\u013ca bar\u012bbas vadi 10 %, te\u013ca liesa 10 %<\/p>\n","protected":false},"featured_media":1197,"comment_status":"open","ping_status":"closed","template":"","meta":[],"product_cat":[27],"product_tag":[],"class_list":{"0":"post-1196","1":"product","2":"type-product","3":"status-publish","4":"has-post-thumbnail","6":"product_cat-gala","8":"first","9":"outofstock","10":"shipping-taxable","11":"purchasable","12":"product-type-simple"},"_links":{"self":[{"href":"http:\/\/argozoo.lv\/index.php?rest_route=\/wp\/v2\/product\/1196","targetHints":{"allow":["GET"]}}],"collection":[{"href":"http:\/\/argozoo.lv\/index.php?rest_route=\/wp\/v2\/product"}],"about":[{"href":"http:\/\/argozoo.lv\/index.php?rest_route=\/wp\/v2\/types\/product"}],"replies":[{"embeddable":true,"href":"http:\/\/argozoo.lv\/index.php?rest_route=%2Fwp%2Fv2%2Fcomments&post=1196"}],"wp:featuredmedia":[{"embeddable":true,"href":"http:\/\/argozoo.lv\/index.php?rest_route=\/wp\/v2\/media\/1197"}],"wp:attachment":[{"href":"http:\/\/argozoo.lv\/index.php?rest_route=%2Fwp%2Fv2%2Fmedia&parent=1196"}],"wp:term":[{"taxonomy":"product_cat","embeddable":true,"href":"http:\/\/argozoo.lv\/index.php?rest_route=%2Fwp%2Fv2%2Fproduct_cat&post=1196"},{"taxonomy":"product_tag","embeddable":true,"href":"http:\/\/argozoo.lv\/index.php?rest_route=%2Fwp%2Fv2%2Fproduct_tag&post=1196"}],"curies":[{"name":"wp","href":"https:\/\/api.w.org\/{rel}","templated":true}]}}