{"id":1803,"date":"2025-03-12T11:20:43","date_gmt":"2025-03-12T11:20:43","guid":{"rendered":"https:\/\/argozoo.lv\/?post_type=product&#038;p=1803"},"modified":"2025-10-20T07:41:10","modified_gmt":"2025-10-20T07:41:10","slug":"trusa-aussis-baltas-100gr","status":"publish","type":"product","link":"http:\/\/argozoo.lv\/?product=trusa-aussis-baltas-100gr","title":{"rendered":"Tru\u0161a aussis baltas 100gr"},"content":{"rendered":"<p>Tru\u0161a aussis baltas 100gr<\/p>\n","protected":false},"excerpt":{"rendered":"<p>Kalt\u0113ts p\u0113c speci\u0101las tehnolo\u0123ijas, kas \u013cauj saglab\u0101t produkta uzturv\u0113rt\u012bbu<br \/>\nNesatur aromatiz\u0113jo\u0161as piedevas, konservantus vai \u0137\u012bmiskas kr\u0101svielas &#8211; 100% dab\u012bgas<br \/>\nPiem\u0113rots su\u0146iem, kuriem ir tendence uz lieko lieko svaru, j\u0101dod ierobe\u017eots daudzums<\/p>\n<p>\u012apa\u0161i piem\u0113rots aler\u0123iskiem su\u0146iem\u00a0un\u00a0 su\u0146ime ar jut\u012bgu gremo\u0161anas sist\u0113mu<br \/>\nApmierina su\u0146a dab\u012bgo vajadz\u012bbu kost un ko\u0161\u013c\u0101t<br \/>\nKa\u017eok\u0101da \u012bpa\u0161i izst\u012bra gremo\u0161anas sist\u0113mu<br \/>\nAtt\u012bra zobus, mas\u0113 smaganas, stiprina sakodienu<br \/>\nPapildina su\u0146a ikdienas uzturu<\/p>\n<p>Ciet\u012bba-viegli sagrau\u017eams<br \/>\nArom\u0101ts &#8211; nav intens\u012bvs<\/p>\n<p>Baro\u0161anas ieteikumi: dot starp \u0113dienreiz\u0113n. Dz\u012bvniekam pieejam\u0101 viet\u0101 vienm\u0113r j\u0101atrodas b\u013codai ar svaigu un t\u012bru \u016bdeni.<\/p>\n<p>Uzglab\u0101\u0161ana : uzglab\u0101t saus\u0101, v\u0113s\u0101 viet\u0101, nepak\u013caut tie\u0161iem saules stariem<\/p>\n<p>Sast\u0101vs: tru\u0161a auss<\/p>\n<p>Anal\u012btisk\u0101s sast\u0101vda\u013cas:<br \/>\nkopprote\u012bns 43,3%<br \/>\nneapstr\u0101d\u0101ti tauki 21,5%<br \/>\nneapstr\u0101d\u0101ti pelni 4,92%<br \/>\nmitrums l\u012bdz 10,2%<\/p>\n","protected":false},"featured_media":1804,"comment_status":"open","ping_status":"closed","template":"","meta":[],"product_cat":[47],"product_tag":[],"class_list":{"0":"post-1803","1":"product","2":"type-product","3":"status-publish","4":"has-post-thumbnail","6":"product_cat-gardumi","8":"first","9":"instock","10":"shipping-taxable","11":"purchasable","12":"product-type-simple"},"_links":{"self":[{"href":"http:\/\/argozoo.lv\/index.php?rest_route=\/wp\/v2\/product\/1803","targetHints":{"allow":["GET"]}}],"collection":[{"href":"http:\/\/argozoo.lv\/index.php?rest_route=\/wp\/v2\/product"}],"about":[{"href":"http:\/\/argozoo.lv\/index.php?rest_route=\/wp\/v2\/types\/product"}],"replies":[{"embeddable":true,"href":"http:\/\/argozoo.lv\/index.php?rest_route=%2Fwp%2Fv2%2Fcomments&post=1803"}],"wp:featuredmedia":[{"embeddable":true,"href":"http:\/\/argozoo.lv\/index.php?rest_route=\/wp\/v2\/media\/1804"}],"wp:attachment":[{"href":"http:\/\/argozoo.lv\/index.php?rest_route=%2Fwp%2Fv2%2Fmedia&parent=1803"}],"wp:term":[{"taxonomy":"product_cat","embeddable":true,"href":"http:\/\/argozoo.lv\/index.php?rest_route=%2Fwp%2Fv2%2Fproduct_cat&post=1803"},{"taxonomy":"product_tag","embeddable":true,"href":"http:\/\/argozoo.lv\/index.php?rest_route=%2Fwp%2Fv2%2Fproduct_tag&post=1803"}],"curies":[{"name":"wp","href":"https:\/\/api.w.org\/{rel}","templated":true}]}}