{"id":192,"date":"2021-08-24T19:35:23","date_gmt":"2021-08-24T19:35:23","guid":{"rendered":"https:\/\/argozoo.lv\/?post_type=product&#038;p=192"},"modified":"2025-08-29T21:56:29","modified_gmt":"2025-08-29T21:56:29","slug":"bulb-m-sarkana-krasa","status":"publish","type":"product","link":"http:\/\/argozoo.lv\/?product=bulb-m-sarkana-krasa","title":{"rendered":"Bulb M sarkan\u0101 kr\u0101s\u0101"},"content":{"rendered":"<p>Bulb M sarkan\u0101 kr\u0101s\u0101<\/p>\n","protected":false},"excerpt":{"rendered":"<p>Bulb M sarkan\u0101 kr\u0101s\u0101<\/p>\n<p>izm\u0113rs 10.8 x 7.0 x 7.0 cm<\/p>\n","protected":false},"featured_media":193,"comment_status":"open","ping_status":"closed","template":"","meta":[],"product_cat":[33,32],"product_tag":[],"class_list":{"0":"post-192","1":"product","2":"type-product","3":"status-publish","4":"has-post-thumbnail","6":"product_cat-bumbas","7":"product_cat-rotallietas","9":"first","10":"instock","11":"shipping-taxable","12":"purchasable","13":"product-type-simple"},"_links":{"self":[{"href":"http:\/\/argozoo.lv\/index.php?rest_route=\/wp\/v2\/product\/192","targetHints":{"allow":["GET"]}}],"collection":[{"href":"http:\/\/argozoo.lv\/index.php?rest_route=\/wp\/v2\/product"}],"about":[{"href":"http:\/\/argozoo.lv\/index.php?rest_route=\/wp\/v2\/types\/product"}],"replies":[{"embeddable":true,"href":"http:\/\/argozoo.lv\/index.php?rest_route=%2Fwp%2Fv2%2Fcomments&post=192"}],"wp:featuredmedia":[{"embeddable":true,"href":"http:\/\/argozoo.lv\/index.php?rest_route=\/wp\/v2\/media\/193"}],"wp:attachment":[{"href":"http:\/\/argozoo.lv\/index.php?rest_route=%2Fwp%2Fv2%2Fmedia&parent=192"}],"wp:term":[{"taxonomy":"product_cat","embeddable":true,"href":"http:\/\/argozoo.lv\/index.php?rest_route=%2Fwp%2Fv2%2Fproduct_cat&post=192"},{"taxonomy":"product_tag","embeddable":true,"href":"http:\/\/argozoo.lv\/index.php?rest_route=%2Fwp%2Fv2%2Fproduct_tag&post=192"}],"curies":[{"name":"wp","href":"https:\/\/api.w.org\/{rel}","templated":true}]}}